{"id":733,"date":"2022-09-22T10:03:07","date_gmt":"2022-09-22T08:03:07","guid":{"rendered":"https:\/\/polskamisja.fr\/?page_id=733"},"modified":"2022-09-22T15:50:49","modified_gmt":"2022-09-22T13:50:49","slug":"namaszczenie-chorych","status":"publish","type":"page","link":"https:\/\/polskamisja.fr\/index.php\/namaszczenie-chorych\/","title":{"rendered":"Namaszczenie chorych"},"content":{"rendered":"\n<p>&#8222;<em>Choruje kto\u015b w\u015br\u00f3d was? Niech sprowadzi kap\u0142an\u00f3w Ko\u015bcio\u0142a, by si\u0119 modlili nad nim i nama\u015bcili go olejem w imi\u0119 Pana. A modlitwa pe\u0142na wiary b\u0119dzie dla chorego ratunkiem i Pan go pod\u017awignie, a je\u015bliby pope\u0142ni\u0142 grzechy, b\u0119d\u0105 mu odpuszczone<\/em>&#8221; Jk 5, 14-15<\/p>\n\n\n\n<div class=\"wp-block-image\"><figure class=\"aligncenter size-large is-resized\"><img loading=\"lazy\" decoding=\"async\" src=\"https:\/\/polskamisja.fr\/wp-content\/uploads\/2022\/09\/main_chorzy2-1024x341.jpg\" alt=\"\" class=\"wp-image-737\" width=\"560\" height=\"186\" srcset=\"https:\/\/polskamisja.fr\/wp-content\/uploads\/2022\/09\/main_chorzy2-1024x341.jpg 1024w, https:\/\/polskamisja.fr\/wp-content\/uploads\/2022\/09\/main_chorzy2-300x100.jpg 300w, https:\/\/polskamisja.fr\/wp-content\/uploads\/2022\/09\/main_chorzy2-768x256.jpg 768w, https:\/\/polskamisja.fr\/wp-content\/uploads\/2022\/09\/main_chorzy2-1536x512.jpg 1536w, https:\/\/polskamisja.fr\/wp-content\/uploads\/2022\/09\/main_chorzy2.jpg 1920w\" sizes=\"auto, (max-width: 560px) 100vw, 560px\" \/><\/figure><\/div>\n\n\n\n<p>Sakrament namaszczenia chorych to jeden z sakrament\u00f3w uzdrowienia chrze\u015bcija\u0144skiego. To dar, w kt\u00f3rym cz\u0142owiek ci\u0119\u017cko chory otrzymuje przez namaszczenie olejem \u015bwi\u0119tym i modlitw\u0119 kap\u0142ana szczeg\u00f3lne \u0142aski, ulg\u0119 w cierpieniu, a niekiedy przywr\u00f3cenie zdrowia. Ma on ma r\u00f3wnie\u017c moc g\u0142adzenia grzech\u00f3w.<\/p>\n\n\n\n<p>Kiedy mo\u017cna przyj\u0105\u0107 sakrament namaszczenia chorych?<\/p>\n\n\n\n<p>&#8211; w niebezpiecze\u0144stwie \u015bmierci<\/p>\n\n\n\n<p>&#8211; w razie przewlek\u0142ej choroby<\/p>\n\n\n\n<p>&#8211; w podesz\u0142ym wieku<\/p>\n\n\n\n<p>Sakrament namaszczenia chorych mo\u017cna przyj\u0105\u0107 wielokrotnie.<\/p>\n\n\n\n<p>Je\u015bli kto\u015b chcia\u0142by przyj\u0105\u0107 ten sakrament &#8211; prosz\u0119 o\u00a0<a href=\"https:\/\/polskamisja.fr\/index.php\/kontakt\/\" data-type=\"page\" data-id=\"2\">kontakt<\/a>.<\/p>\n","protected":false},"excerpt":{"rendered":"<p>&#8222;Choruje kto\u015b w\u015br\u00f3d was? Niech sprowadzi kap\u0142an\u00f3w Ko\u015bcio\u0142a, by si\u0119 modlili nad nim i nama\u015bcili go olejem w imi\u0119 Pana. A modlitwa pe\u0142na wiary b\u0119dzie dla chorego ratunkiem i Pan &hellip; <\/p>\n<p class=\"link-more\"><a href=\"https:\/\/polskamisja.fr\/index.php\/namaszczenie-chorych\/\" class=\"more-link\">Czytaj dalej<span class=\"screen-reader-text\"> \u201eNamaszczenie chorych\u201d<\/span><\/a><\/p>\n","protected":false},"author":5,"featured_media":0,"parent":0,"menu_order":0,"comment_status":"closed","ping_status":"closed","template":"","meta":{"footnotes":""},"class_list":["post-733","page","type-page","status-publish","hentry"],"_links":{"self":[{"href":"https:\/\/polskamisja.fr\/index.php\/wp-json\/wp\/v2\/pages\/733","targetHints":{"allow":["GET"]}}],"collection":[{"href":"https:\/\/polskamisja.fr\/index.php\/wp-json\/wp\/v2\/pages"}],"about":[{"href":"https:\/\/polskamisja.fr\/index.php\/wp-json\/wp\/v2\/types\/page"}],"author":[{"embeddable":true,"href":"https:\/\/polskamisja.fr\/index.php\/wp-json\/wp\/v2\/users\/5"}],"replies":[{"embeddable":true,"href":"https:\/\/polskamisja.fr\/index.php\/wp-json\/wp\/v2\/comments?post=733"}],"version-history":[{"count":3,"href":"https:\/\/polskamisja.fr\/index.php\/wp-json\/wp\/v2\/pages\/733\/revisions"}],"predecessor-version":[{"id":742,"href":"https:\/\/polskamisja.fr\/index.php\/wp-json\/wp\/v2\/pages\/733\/revisions\/742"}],"wp:attachment":[{"href":"https:\/\/polskamisja.fr\/index.php\/wp-json\/wp\/v2\/media?parent=733"}],"curies":[{"name":"wp","href":"https:\/\/api.w.org\/{rel}","templated":true}]}}