{"id":215,"date":"2022-04-12T21:09:41","date_gmt":"2022-04-12T21:09:41","guid":{"rendered":"https:\/\/polskamisja.fr\/?page_id=215"},"modified":"2022-09-22T09:55:22","modified_gmt":"2022-09-22T07:55:22","slug":"bierzmowanie","status":"publish","type":"page","link":"https:\/\/polskamisja.fr\/index.php\/bierzmowanie\/","title":{"rendered":"Bierzmowanie"},"content":{"rendered":"\n<p><em>\u201eAle gdy Duch \u015awi\u0119ty zst\u0105pi na was, b\u0119dziecie moimi \u015bwiadkami\u201d\u00a0<\/em>(Dz 1,8)<\/p>\n\n\n\n<div class=\"wp-block-image\"><figure class=\"aligncenter size-full\"><img loading=\"lazy\" decoding=\"async\" width=\"512\" height=\"205\" src=\"https:\/\/polskamisja.fr\/wp-content\/uploads\/2022\/09\/bierzmowanie.jpg\" alt=\"\" class=\"wp-image-726\" srcset=\"https:\/\/polskamisja.fr\/wp-content\/uploads\/2022\/09\/bierzmowanie.jpg 512w, https:\/\/polskamisja.fr\/wp-content\/uploads\/2022\/09\/bierzmowanie-300x120.jpg 300w\" sizes=\"auto, (max-width: 512px) 100vw, 512px\" \/><\/figure><\/div>\n\n\n\n<p>W naszej wsp\u00f3lnocie w ramach&nbsp;<a href=\"https:\/\/polskamisja.fr\/index.php\/katecheza\/\" data-type=\"page\" data-id=\"92\">katechezy<\/a>&nbsp;mo\u017cna przygotowywa\u0107 si\u0119 do przyj\u0119cia sakramentu bierzmowania.<\/p>\n\n\n\n<p>W ramach diecezji Belley-Ars obowi\u0105zuj\u0119 roczny cykl przygotowa\u0144 bezpo\u015brednich. Wcze\u015bniej konieczne jest, \u017ceby przynajmniej rok wcze\u015bniej uczestniczy\u0107 w katechezie.<\/p>\n\n\n\n<p>Zach\u0119camy do zapis\u00f3w na katechez\u0119 przygotowuj\u0105c\u0105 do przyj\u0119cia tego\u017c sakramentu \u2013 poprzez\u00a0<a href=\"https:\/\/polskamisja.fr\/index.php\/kontakt\/\" data-type=\"page\" data-id=\"2\">kontakt<\/a>\u00a0z ksi\u0119dzem. Mo\u017cliwe jest tak\u017ce przygotowanie si\u0119 do bierzmowania dla os\u00f3b doros\u0142ych.<\/p>\n","protected":false},"excerpt":{"rendered":"<p>\u201eAle gdy Duch \u015awi\u0119ty zst\u0105pi na was, b\u0119dziecie moimi \u015bwiadkami\u201d\u00a0(Dz 1,8) W naszej wsp\u00f3lnocie w ramach&nbsp;katechezy&nbsp;mo\u017cna przygotowywa\u0107 si\u0119 do przyj\u0119cia sakramentu bierzmowania. W ramach diecezji Belley-Ars obowi\u0105zuj\u0119 roczny cykl przygotowa\u0144 &hellip; <\/p>\n<p class=\"link-more\"><a href=\"https:\/\/polskamisja.fr\/index.php\/bierzmowanie\/\" class=\"more-link\">Czytaj dalej<span class=\"screen-reader-text\"> \u201eBierzmowanie\u201d<\/span><\/a><\/p>\n","protected":false},"author":1,"featured_media":0,"parent":0,"menu_order":0,"comment_status":"closed","ping_status":"closed","template":"","meta":{"footnotes":""},"class_list":["post-215","page","type-page","status-publish","hentry"],"_links":{"self":[{"href":"https:\/\/polskamisja.fr\/index.php\/wp-json\/wp\/v2\/pages\/215","targetHints":{"allow":["GET"]}}],"collection":[{"href":"https:\/\/polskamisja.fr\/index.php\/wp-json\/wp\/v2\/pages"}],"about":[{"href":"https:\/\/polskamisja.fr\/index.php\/wp-json\/wp\/v2\/types\/page"}],"author":[{"embeddable":true,"href":"https:\/\/polskamisja.fr\/index.php\/wp-json\/wp\/v2\/users\/1"}],"replies":[{"embeddable":true,"href":"https:\/\/polskamisja.fr\/index.php\/wp-json\/wp\/v2\/comments?post=215"}],"version-history":[{"count":3,"href":"https:\/\/polskamisja.fr\/index.php\/wp-json\/wp\/v2\/pages\/215\/revisions"}],"predecessor-version":[{"id":728,"href":"https:\/\/polskamisja.fr\/index.php\/wp-json\/wp\/v2\/pages\/215\/revisions\/728"}],"wp:attachment":[{"href":"https:\/\/polskamisja.fr\/index.php\/wp-json\/wp\/v2\/media?parent=215"}],"curies":[{"name":"wp","href":"https:\/\/api.w.org\/{rel}","templated":true}]}}